te the greatest common factor of 57 and j.
19
Suppose -25*w + 2844 = -3556. Calculate the greatest common divisor of 64 and w.
64
Let d(n) = -n**2 + 56*n - 180. Let s be d(52). Calculate the greatest common factor of 476 and s.
28
Let k = 34 - 0. Suppose 4 - k = 5*o. Let a(w) = -w**2 - 7*w + 2. Let m be a(o). What is the highest common divisor of m and 8?
8
Let u be 17*-3*2/(-6). Let l(h) = h**2 + 17*h - 4. Let f be l(-16). Let r be -5 - 85/f - 615/(-4). What is the greatest common divisor of u and r?
17
Suppose -4*h - 3*u + 436 = 0, 5*h - 9*u + 4*u = 580. Calculate the greatest common divisor of h and 28.
28
Suppose 2*h + 31 + 13 = -2*j, -3*h - 4*j - 71 = 0. Let u = h - -18. What is the highest common divisor of 1 and u?
1
Suppose 3*d + v + 2 = 4, 4*d = -4*v + 8. Suppose d = 3*n - 179 - 619. Calculate the highest common divisor of 38 and n.
38
Let w(j) = j**3 - 3 + 9 + 4*j + 6*j**2 - 2*j - 13*j**2. Let d be w(6). Let z be d/12*58/(-3). What is the greatest common factor of z and 203?
29
Let a(c) = -c**2 + 7*c + 66. Let p be a(-4). What is the highest common factor of p and 506?
22
Let h(u) = -4*u - 1. Let a be h(-1). Suppose -3*m = o - 25, -2*o = -7*m + 2*m + 5. Suppose 0 = -4*q + 34 - o. Calculate the greatest common divisor of q and a.
3
Let y be 7 - -3*12/(-9). Suppose n + 4*w = -4*n + 668, -y*w = n - 138. Let q be ((-9)/2)/(12/(-32)). Calculate the greatest common divisor of n and q.
12
Let t = -984 - -1554. Calculate the greatest common divisor of 38 and t.
38
Suppose 2*b - 6 = -0*b. Suppose 0*s + 3*s - b = 0, -l = -2*s - 124. Calculate the greatest common divisor of 14 and l.
14
Suppose -26 = -4*a + 30. Let h(v) = -v + 24. Let f be h(a). Calculate the greatest common factor of 10 and f.
10
Let p(z) = -z**3 - 5*z**2 - z - 6. Let u be p(-11). Suppose -4*f + o + 2*o = -u, -183 = -f + o. What is the greatest common factor of 26 and f?
26
Let x be (156/24)/(2 + (-9)/6). Let u(q) = -q**3 - q**2 + q - 2. Let r be u(-3). Calculate the highest common divisor of x and r.
13
Suppose -4*j = -9*j + 250. Suppose i + 4 = 0, -2*n + j = i + 2*i. Let w = -1 + 63. What is the greatest common factor of w and n?
31
Let s be 412 + (-36)/7 + 8/56. Calculate the greatest common factor of 11 and s.
11
Let z be (234/12)/((-18)/(-48)). Calculate the highest common factor of 26 and z.
26
Let o(f) = -2*f**2 + f + 1. Let k be o(-1). Let z be (-20)/k*(-8)/(-4). Let n be ((-18)/4 + -3)*(-128)/6. What is the greatest common divisor of z and n?
20
Let h(t) = -t**2 - 2*t. Let i be h(4). Let j be (i/32)/(1/(-144)). Calculate the highest common divisor of j and 12.
12
Let h = 101 - 35. Let v be ((-21)/2)/7*h. Let a = -59 - v. Calculate the highest common factor of a and 60.
20
Suppose a - j = -27 + 110, 10 = -5*j. Let c = 28 + -11. Suppose d + 2*r - 11 = 0, -3 + c = d + 5*r. What is the highest common factor of a and d?
9
Let a be (-13 - -3)/((-4)/128). What is the greatest common divisor of a and 40?
40
Let z be (43/1 - -7) + -6. Calculate the greatest common divisor of 198 and z.
22
Let a be 0 - (14 - (-4 + 8)). Let x be (-7)/(105/a)*1014/4. What is the highest common factor of 13 and x?
13
Let c be (-8 - (-680)/16)*2*1. What is the greatest common factor of c and 23?
23
Let j(g) = -g**3 - 7*g**2 - 7*g + 50. Let x be j(-7). Calculate the greatest common factor of x and 1386.
99
Suppose -3*m + 4366 = 2*t, 0*m + 3*m = t - 2174. What is the greatest common divisor of 20 and t?
20
Suppose 3*o - 5*f + 451 - 541 = 0, 2*o = -3*f + 79. Calculate the greatest common divisor of 45 and o.
5
Let q = -660 + 1272. Calculate the greatest common factor of 36 and q.
36
Suppose -3*r - 26*x = -22*x - 2496, -4*r - 3*x = -3328. What is the greatest common factor of r and 26?
26
Suppose 0*l = l - 4. Suppose -2*m = -0*d + d - 17, -l*d + 8 = -4*m. Let t be 14*((-15)/6 - -3). What is the highest common factor of d and t?
7
Let a be (-1 + 0)*(0 + 1). Let s be 3/(a + 10/4). Suppose -s*c - 2*c + 100 = 0. Calculate the highest common factor of c and 50.
25
Let o be 1/3 - 30/(-18). Suppose 0 = -2*m + s - 3*s + 24, -o*m = -s - 33. What is the highest common factor of m and 120?
15
Let j be ((-24)/6)/((-1)/208). What is the highest common divisor of j and 26?
26
Suppose 2*k = -j + 140, 4*j - 5*k - 395 = 191. Let b be (-1)/(-2) + 70/4. What is the greatest common divisor of j and b?
18
Suppose 0 = -2*f - 4*g - 6, -5*g + 1 = -5*f + 31. What is the highest common factor of 129 and f?
3
Let g be 250 + (8 - 11) - -1. Calculate the highest common divisor of 186 and g.
62
Let k(j) = -6*j + 3. Let y be k(-5). Suppose 5*w + 12*w - 1581 = 0. Suppose -6*a - 27 = -w. What is the greatest common divisor of a and y?
11
Let w be ((-4)/7)/((-12)/210). Suppose -2*u - 15 = 3*u, 2*j - u = -43. Let m = -3 - j. What is the highest common divisor of m and w?
10
Let w(x) be the third derivative of 0 - 6*x**2 + 1/24*x**4 + 10/3*x**3 + 0*x. Let v be w(-10). What is the greatest common factor of 80 and v?
10
Suppose -y + 37 + 3 = 0. Let v = 7 + -5. Suppose 3*h - t - 34 = -5, -2*t - v = h. What is the greatest common divisor of h and y?
8
Let q be -3 + 10 - (-4)/(-1). Suppose -q = 4*v + 1. Let t(k) = -38*k. Let c be t(v). Calculate the highest common factor of c and 19.
19
Let b(s) = s**3 - 10*s**2 - 34*s + 17. Let x be b(13). Calculate the highest common divisor of 41 and x.
41
Let x = 18 + -18. Suppose -3*a + 4*j + 11 = 0, 5*a - 65 = -x*j - 5*j. Let l = 61 - 16. What is the greatest common factor of l and a?
9
Let d be (3237/(-6))/((-10)/20). What is the greatest common factor of 13 and d?
13
Let i be (-4)/16*2*-48 - 1. Calculate the highest common divisor of i and 69.
23
Let o = 219 + -93. Let x(a) = a**2 - a + 12. Let q be x(-5). Calculate the greatest common factor of q and o.
42
Suppose -f - 3*f + 3*j = -231, -5*f + 3*j + 288 = 0. What is the highest common factor of f and 114?
57
Let r(d) = -8*d - 46. Let o be r(-8). Calculate the highest common divisor of o and 198.
18
Let t(g) = 2*g - 12. Let q be t(8). Suppose 3*o = 4*p + 19 - 59, -o = q*p - 24. Let m = p + -3. What is the highest common factor of m and 16?
4
Let z(x) = x**3 + 13*x**2 - 13*x - 15. Let u be z(-14). Let r = -4 - u. What is the greatest common divisor of r and 5?
5
Suppose -4*w = -3*i + 2234, 2*w - 4 = -2*w. Suppose 0 = -4*b - 5*t + i, b + 3*b - 726 = 5*t. Calculate the highest common factor of b and 23.
23
Let w = 8 - 6. Let t = -56 - -64. Suppose 0*n - 5*y - 2 = 4*n, t = 3*n - y. Calculate the greatest common divisor of w and n.
2
Let y = 999 - 503. What is the greatest common factor of y and 40?
8
Suppose -406*u + 405*u + 68 = 0. Calculate the greatest common factor of 85 and u.
17
Let n = 8 - 10. Let l be n/2 + (8 - 4). Suppose -4*i + 36 = -0*t - 4*t, -i - l = 3*t. What is the highest common factor of i and 60?
6
Let b be -7 + 2 - (-1 + -2). Let p(w) be the first derivative of w**3 + w**2 + 2*w + 1. Let k be p(b). Calculate the greatest common divisor of 60 and k.
10
Let n be 105 - (-3 - -3)*-1. Let o(r) = -r**2 + 5*r + 12. Let v be o(5). Suppose -63 = -5*t + v. What is the greatest common divisor of n and t?
15
Let g(n) = 4*n**2 - 15*n - 15. Let l be g(11). Suppose -3*f = -0*m - 2*m + l, -308 = -2*m + f. Calculate the greatest common factor of 62 and m.
31
Let b be -11*1 + 1152/72. Let y be (4/(-3))/(3/(-90)). Calculate the highest common factor of y and b.
5
Let y be (2 - 3)/(((-6)/(-75))/(-2)). Suppose 3*f = 23 + y. Calculate the highest common divisor of 112 and f.
16
Let n = -24 + 34. Let g(y) = -13*y - 103. Let l be g(-11). Let h be 4/40 + 796/l. Calculate the greatest common divisor of n and h.
10
Let k be (838 - 52) + (-7 - -3). Calculate the highest common factor of 138 and k.
46
Let o(l) = -l**3 + 6*l**2 + 7*l + 8. Let y be o(7). Suppose -5*g = -573 + 213. Calculate the greatest common factor of y and g.
8
Let l be 102/(-14) - 18/(-63). Let t(j) = j + 12. Let o be t(l). What is the highest common divisor of o and 1?
1
Let i(c) = 7*c**2 + 3*c + 10. Let v(j) = 13*j**2 + 5*j + 19. Let r(t) = -11*i(t) + 6*v(t). Let b be r(4). Calculate the highest common factor of b and 64.
8
Let x(h) = h**2 + 8*h + 21. Let u be x(-5). Calculate the greatest common divisor of u and 6.
6
Let x be ((-21048)/16 - 3)/(4/(-8)). Calculate the highest common facto